Let q(m) = 5*m**3 + 132*m**2 + 49*m + 53. What is q(-26)?
131
Let k(y) = -6*y**3 + 18*y**2 + 30*y + 148. What is k(-6)?
1912
Let r(b) = 39783*b + 358213. Give r(-9).
166
Let v(p) = -748*p + 39641. Determine v(53).
-3
Let z(d) = 6*d**2 + 234*d - 3007. Determine z(9).
-415
Let b(d) = d**3 + 4*d**2 - 2632*d - 1872. Calculate b(-53).
-17
Let z(g) = -3*g**3 - 507*g**2 + 2*g + 743. What is z(-169)?
405
Let u(q) = -q**3 - 210*q**2 - 95*q + 23809. What is u(-209)?
-17
Let h(x) = x**2 - 189*x + 5786. Give h(47).
-888
Let c(y) = -y**3 + 232*y**2 - 899*y - 3051. Give c(228).
-87
Let o(h) = h**2 - 84310*h + 1433000. Give o(17).
19
Let w(a) = 9*a**3 + 7*a**2 - 156*a - 449. What is w(-3)?
-161
Let i(l) = -2*l**3 - 114*l**2 + 7*l + 4. Give i(-57).
-395
Let x(w) = -2822*w + 109929. Give x(39).
-129
Let j(v) = 76*v**2 + 6079*v - 51. What is j(-80)?
29
Let v(f) = f**2 - 32*f - 2309. Give v(-37).
244
Let k(n) = 734305*n - 9545965. Determine k(13).
0
Let k(z) = -22604*z + 11957515. Calculate k(529).
-1
Let g(s) = -s**3 - 163*s**2 + 145*s - 1934. Calculate g(-164).
1182
Let l(y) = 7262*y + 7300. Give l(-1).
38
Let x(n) = 7807*n + 280963. Determine x(-36).
-89
Let r(b) = -1994*b + 33631. Determine r(17).
-267
Let z(q) = 118492*q - 7346509. Give z(62).
-5
Let q(v) = 10*v**2 + 340*v - 969. Determine q(-37).
141
Let a(l) = l**3 - 293*l**2 + 4895*l + 22. Determine a(18).
-968
Let f(a) = -27*a**2 + 1225*a - 3442. Give f(3).
-10
Let y(n) = -n**3 - 46*n**2 + 105*n + 400. Give y(-48).
-32
Let k(p) = -70*p - 6123. Determine k(-101).
947
Let h(a) = -430*a - 7268. Determine h(-17).
42
Let n(f) = 2508*f + 15660. What is n(-6)?
612
Let d(n) = 13737*n + 41211. What is d(-3)?
0
Let u(r) = -5109*r - 30652. Determine u(-6).
2
Let o(d) = -899*d - 6034. What is o(-7)?
259
Let z(k) = 8*k**3 - 2*k**2 - 5*k + 2. Calculate z(0).
2
Let i(q) = 3*q**2 - 159*q - 852. What is i(55)?
-522
Let i(g) = 63*g**2 + 400*g + 1188. Determine i(-3).
555
Let t(b) = -6842*b + 130003. Determine t(19).
5
Let b(q) = -2*q**2 + 1086*q - 119344. Calculate b(153).
-4
Let x(c) = -53*c**2 - 553*c + 3981. Determine x(7).
-2487
Let w(p) = 52*p**2 - 2346*p + 288. Determine w(45).
18
Let p(d) = -971*d + 9781. Calculate p(9).
1042
Let m(t) = 12200*t + 744164. Give m(-61).
-36
Let k(x) = -13*x**2 + 5257*x - 7247. Determine k(403).
7
Let v(q) = -2*q**2 + 244*q - 16. Give v(116).
1376
Let s(d) = 5*d**3 + d**2 + 23*d - 28. Determine s(3).
185
Let r(x) = 2004*x + 26045. Calculate r(-13).
-7
Let r(h) = -32*h**2 + 1408*h + 12. Give r(44).
12
Let v(b) = 61198*b - 3610671. Calculate v(59).
11
Let v(c) = -47*c - 373. Calculate v(-32).
1131
Let i(g) = g**3 - 172*g**2 + 6162*g - 22. Determine i(51).
-481
Let o(a) = -7*a**2 + 1115*a + 1948. Calculate o(161).
16
Let w(r) = -396806*r + 8332896. What is w(21)?
-30
Let m(q) = q**3 - 144*q**2 + 1316*q - 395. What is m(134)?
-3611
Let h(y) = -287*y**2 - 322*y - 5. Give h(1).
-614
Let h(i) = i**3 + 33*i**2 + 200*i + 49. What is h(-7)?
-77
Let t(i) = -38*i**2 + 64162*i + 226728. Calculate t(1692).
0
Let f(s) = 6*s**3 - 737*s**2 - 51*s - 8682. Give f(123).
174
Let f(s) = -s**2 + 515*s + 157. Calculate f(0).
157
Let v(k) = -6*k**3 - 272*k**2 + 442*k - 421. What is v(-47)?
895
Let s(p) = 2161*p - 50783. Give s(25).
3242
Let q(m) = -m**2 - 35604*m + 37356489. What is q(1020)?
9
Let t(h) = -110*h**2 + 273*h + 19. Give t(3).
-152
Let y(u) = -u**3 + 880*u**2 - 58181*u + 209. Give y(72).
-151
Let o(g) = -28972*g + 25871993. Determine o(893).
-3
Let c(h) = -141888*h + 1135130. Give c(8).
26
Let h(b) = -26*b**2 + 1441*b - 19681. What is h(31)?
4
Let j(p) = 2*p**3 + 94*p**2 + 20*p + 994. Calculate j(-47).
54
Let j(f) = -5*f**3 + 2850*f**2 - 2826*f - 10709. Determine j(569).
102
Let u(o) = 1310*o + 65486. What is u(-50)?
-14
Let x(m) = 28861*m + 28823. Determine x(-1).
-38
Let h(s) = 2*s**2 - 193*s + 3093. Give h(76).
-23
Let v(s) = -241*s + 2905. What is v(8)?
977
Let u(h) = -4*h**3 + 72*h**2 - 310*h - 4. What is u(5)?
-254
Let a(b) = 2*b**3 + 38*b**2 - 27*b - 1108. What is a(-18)?
26
Let l(a) = 14*a**2 - 13848*a + 13850. Give l(1).
16
Let k(m) = -13*m**2 + 4199*m - 2828. Determine k(322).
1358
Let w(k) = -4*k**2 + 1914*k - 214197. What is w(300)?
3
Let u(j) = 558*j - 15027. Determine u(26).
-519
Let m(f) = -879*f + 6150. Calculate m(7).
-3
Let n(j) = -j**3 + 4*j**2 + 6*j - 119. Give n(-7).
378
Let p(d) = -140*d - 13678. Calculate p(-100).
322
Let s(f) = 272*f - 12540. What is s(49)?
788
Let u(k) = 23*k**3 - 49*k**2 + 29*k - 199. Determine u(5).
1596
Let p(u) = u**3 - 198*u**2 + 1211*u - 11329. Determine p(192).
-1
Let r(o) = o**2 - 320*o - 22689. Calculate r(-60).
111
Let g(p) = -p**3 - 126*p**2 + 335*p + 42179. Give g(-126).
-31
Let y(t) = -2*t**2 + 313*t - 4067. Determine y(19).
1158
Let x(f) = 131*f + 2392. Give x(-14).
558
Let m(l) = -1570*l + 877613. What is m(559)?
-17
Let g(a) = -a**3 - 205*a**2 - 5809*a + 879. Determine g(-171).
24
Let n(h) = h**3 + h**2 - 170*h - 337. Calculate n(15).
713
Let o(w) = -55*w**2 - 40743*w + 8882. Calculate o(-741).
-10
Let g(z) = 5664*z + 1982395. Determine g(-350).
-5
Let b(m) = 813*m - 16262. What is b(20)?
-2
Let b(r) = 59607*r - 774834. What is b(13)?
57
Let f(k) = -12*k**2 - 30*k + 269. What is f(-6)?
17
Let d(p) = -p**2 + 192*p + 15888. Calculate d(255).
-177
Let b(v) = -432*v + 14495. What is b(34)?
-193
Let v(n) = n**3 - 69*n**2 - 2309*n + 165469. Determine v(66).
7
Let y(z) = -5389110*z + 26945551. What is y(5)?
1
Let m(p) = -p**3 + 19666*p**2 - 58987*p - 12. Calculate m(3).
-6
Let r(u) = 487198*u - 3410388. Determine r(7).
-2
Let b(w) = 82*w**3 + 1429*w**2 + 4702*w - 214. Give b(-13).
7
Let q(c) = -4*c**2 - 255*c - 3667. Calculate q(-20).
-167
Let k(y) = y**3 - 65*y**2 - 6255*y + 116. What is k(118)?
-2
Let i(d) = 66*d**2 - 733*d - 1628. Determine i(13).
-3
Let b(g) = 451*g + 147917. What is b(-328)?
-11
Let p(j) = 747*j + 10989. Calculate p(-15).
-216
Let c(v) = -18968*v + 56952. Calculate c(3).
48
Let b(f) = 2*f**3 + 15*f**2 + 15*f - 18. Give b(-6).
0
Let p(u) = 296*u - 506. Determine p(-4).
-1690
Let j(s) = -1449*s - 4694. Determine j(-3).
-347
Let y(k) = 9*k**2 - 8*k + 58. What is y(7)?
443
Let s(o) = -23*o**2 - 731*o - 6682. What is s(-9)?
-1966
Let v(l) = l**3 - 148*l**2 - 442*l + 43. Determine v(-3).
10
Let f(j) = 322*j**3 + 1271*j**2 - 74*j - 1. What is f(-4)?
23
Let i(p) = 2*p**3 + 14*p**2 + 765*p + 9934. Give i(-13).
-2039
Let h(q) = q**3 - 19*q**2 + 32*q - 742. What is h(19)?
-134
Let f(l) = -164*l - 1472. Calculate f(-10).
168
Let d(o) = -8*o**2 + 10*o - 78. Give d(7).
-400
Let k(m) = -m**3 - 5*m**2 - 21*m - 212. What is k(-7)?
33
Let s(u) = -2*u**3 - 2636*u**2 - 12591*u + 707711. What is s(-1313)?
4
Let p(d) = -34344*d + 37125861. What is p(1081)?
-3
Let f(l) = -99*l + 214. Determine f(11).
-875
Let u(r) = 3*r**2 + 628*r - 12870. Determine u(-228).
-102
Let b(v) = -9*v**2 + 1423*v - 11133. Calculate b(8).
-325
Let p(z) = 3*z**2 - 1520*z - 1813194. Calculate p(1071).
9
Let y(j) = 10*j**3 + 3*j**2 - 69*j - 208. Calculate y(-3).
-244
Let n(w) = 108142*w - 432550. What is n(4)?
18
Let b(a) = -1146*a - 27533. What is b(-24)?
-29
Let d(f) = f**3 - 268*f**2 + 729*f + 17468. Determine d(265).
-22
Let o(j) = 13*j**3 + 160*j**2 + 31*j - 220. Determine o(-12).
-16
Let d(u) = -5*u**2 + 411*u + 865. Determine d(84).
109
Let l(u) = -10142*u - 365116. Determine l(-36).
-4
Let z(g) = -9*g + 312. Give z(39).
-39
Let v(k) = 174435*k + 4012047. What is v(-23)?
42
Let h(l) = 6*l**3 + 717*l**2 + 4152*l + 18. Determine h(-6).
-378
Let n(o) = 392*o**2 + 13342*o + 418. What is n(-34)?
-58
Let m(p) = -p**3 - 83*p**2 + 6125*p - 809. What is m(47)?
-104
Let j(g) = -137*g**3 + 561*g**2 - 576*g + 11. Determine j(1).
-141
Let p(x) = -121*x**2 - 9077*x - 139. What is p(-75)?
11
Let t(n) = 2*n**3 - 68*n**2 + 524*n + 66. What is t(17)?
-852
Let l(p) = 61*p**3 + 4020*p**2 - 444*p - 3114. Calculate l(-66).
54
Let k(q) = 39152*q - 3680179. Give k(94).
109
Let v(w) = 13*w**3 + 4009*w**2 - 27088*w + 630. What is v(-315)?
0
Let i(r) = -776*r**2 + 2686*r + 28180. What is i(8)?
4
Let a(j) = j**3 + 78*j**2 + 585*j + 17162. Give a(-73).
1102
Let q(j) = -j**2 - 41*j + 654. Determine q(18).
-408
Let q(h) = 47*h**2 - 915*h + 5577. Give q(6).
1779
Let c(h) = -1578*h + 18615. What